1*j - 20. What is the units digit of r(y)?
4
Let j = 229 + 228. What is the tens digit of j?
5
What is the units digit of (0 + -428)*(-20)/8?
0
Let b = 25 - 39. Let q be 13 + 1/(-1 + 0). What is the units digit of q/(-7)*b/4?
6
Let s be (-52)/(-16)*-26*2*-2. Suppose 2*c - 134 = 2*h, -6*c = -c - 2*h - s. What is the tens digit of c?
6
What is the thousands digit of 4780/(-6)*(-432)/80?
4
Let m be 5/(-10)*-4 - (3 - 0). What is the hundreds digit of m/2 - -2 - 1102/(-4)?
2
Let g(x) = 5*x + 12. Let t(h) be the first derivative of 5*h**2 + 23*h + 3. Let w(r) = 11*g(r) - 6*t(r). What is the tens digit of w(-5)?
1
Let o(g) = 2*g**3 + 13*g**2 + 6*g + 1. Let c be o(-5). What is the hundreds digit of c/(50/15 + -3)?
1
Let j = 36 - -34. Suppose 2*d = j + 46. What is the tens digit of d?
5
Let m(c) = -2*c**2 + 22*c + 53. What is the tens digit of m(12)?
2
Let y = -3325 + 7138. Let q be y/(-27) + 8/36. Let s = -92 - q. What is the tens digit of s?
4
Suppose -4*c = -d - 2629, 2*c + 15*d = 11*d + 1292. What is the hundreds digit of c?
6
Suppose r = -3*c + 952, 729 = 3*c - 4*r - 248. What is the tens digit of c?
1
Suppose -26*t + 21*t - 50 = 0. Let z be 17/(-3) + t/(-15). What is the units digit of 58/(-4 + 1 - z)?
9
Let b(c) be the second derivative of -1/6*c**4 - 1/20*c**5 + 0 + 1/6*c**3 - 2*c + 14*c**2. What is the units digit of b(0)?
8
Let x be 50/35 + (-6)/14. What is the tens digit of ((-23)/2)/(x*2/(-28))?
6
Let c = 180 - 79. What is the tens digit of c?
0
Let x(q) = 36*q**2 - 9*q + 135. What is the thousands digit of x(11)?
4
Let z = 9646 + -6463. What is the thousands digit of z?
3
Suppose -2*j - 334 = -2*o + 66, -j - 592 = -3*o. What is the tens digit of o?
9
Let v = 3 + -5. Let o(h) = -390*h**2 - 2*h + 2. Let d be o(v). What is the tens digit of d/(-77) - (-2)/(-11)?
2
Let o(m) = m**2 + 2*m + 14. Suppose 2*t + 6 = 0, 5*l + 3*t + 3 = 4*l. Let v be o(l). Let s = v + -35. What is the units digit of s?
7
Suppose 2*n - 3*s = 21, 0 = 2*n - 5*s - 25 - 2. Let v be 3 + (n - 3)*-1. What is the units digit of 0/2 - (-3 - v)?
3
Let v = -1120 + 2169. What is the thousands digit of v?
1
Suppose 0 = -3*x + 2*x - 8. Let k = x + 9. Suppose -3*c = 5*h - 2, -h + 0*c - 2*c = k. What is the units digit of h?
1
Let j be 1935/12 - 2/8. Let t = 53 - j. Let o = -61 - t. What is the units digit of o?
7
Let f be 1/1*(-4 + 1). What is the tens digit of 6/(-9) - 62/f?
2
Let f be -3 + 5 + 1 + -4. Let l(s) = -s**2 - s. Let m(x) = 66*x**3 + 2*x**2 + 3*x + 2. Let u(g) = -2*l(g) - m(g). What is the units digit of u(f)?
5
Let f be -3*(-12)/9 + -1. Suppose f*k = -4*p + 1067 - 244, -k = 3*p - 621. What is the units digit of p?
8
Suppose -3*i = -2*i. Suppose -l + 3*l - 11 = q, 5*l - 14 = -2*q. Suppose -l*k = -3*p + 93, -2*p - k + 44 + 18 = i. What is the units digit of p?
1
Suppose 30*k = -4*k + 47362. What is the thousands digit of k?
1
What is the units digit of ((-95)/10 - 3)*(-10 + -90)?
0
Let l = 27 - 0. Let y = l + -23. Suppose -2*c - y*q + 7 = -15, -5*c + 90 = 3*q. What is the units digit of c?
1
Suppose 0 = -3*n - j + 31, -39 - 22 = -5*n + 3*j. What is the units digit of n?
1
Let d = 170 - 93. Let c be 55/(0 + (5 - 4)). Let x = d - c. What is the units digit of x?
2
Let f(u) = -3*u - 2. Let w be f(-6). Let l(r) = -8*r**3 - 74*r**2 - 20*r - 14. Let n be l(-9). Suppose -w + 52 = n*h. What is the units digit of h?
9
Let j = 61 + -60. What is the tens digit of (-13818)/(-49) + j + (1 - 1)?
8
Let m be 10419/15 + 2/5. Suppose -2*d - 3*n = -n - 278, -5*d + m = -n. Suppose -5*x = -d - 166. What is the tens digit of x?
6
Suppose -6*m + 1302 = 8*m. What is the tens digit of m?
9
Let j(m) = m - 19. Let k be j(9). What is the units digit of 222/10 + k/50?
2
Suppose -5*a = 5*k - 90, -3*a - 87 + 1 = -4*k. Suppose j + 2*y - y = k, 4*y + 53 = 3*j. What is the tens digit of j?
1
Let d(q) = q**2 + 10*q + 16. Suppose -3*h - h + 36 = 0. Suppose 3*j = -21 - h. What is the units digit of d(j)?
6
Let i = -208 + 503. Suppose 0 = -4*u - i + 823. What is the hundreds digit of u?
1
Let r(z) = 163*z**2 - 5*z + 3. Let h(q) = -81*q**2 + 2*q - 1. Let g(m) = -9*h(m) - 4*r(m). What is the units digit of g(1)?
6
What is the hundreds digit of -11 + 670*(10 - 9)?
6
Let l(b) = 4*b**2 - 5. Let c be l(-4). Let f = -6 + -11. Let o = f + c. What is the tens digit of o?
4
Let u = 577 - 39. What is the hundreds digit of u?
5
What is the thousands digit of (-8831)/(-8) + 7/280*5?
1
Let n be (-3)/4 - 3/(-4). Suppose -r - 2*l - 59 = -0*r, n = -4*r + 5*l - 197. Let d = r + 89. What is the units digit of d?
6
What is the hundreds digit of (-52)/(-156) + -379*(-22)/6?
3
Let v(o) = -2*o**3 + o**2 + 3*o - 10. What is the units digit of v(-4)?
2
What is the hundreds digit of 23*-3*13/(39/(-27))?
6
Let t be (-4 - 0) + (-5 - -454). Suppose t = 5*n - 110. What is the units digit of n?
1
Let u(d) be the first derivative of -d**4/4 - d**3/3 + 3*d + 4. Let v be u(-3). What is the tens digit of 1*7/(v/48)?
1
Suppose -151 - 2231 = -6*v. What is the tens digit of v?
9
Let z(p) = 5*p**2 - 18*p + 14. What is the hundreds digit of z(7)?
1
Suppose -8*h + 11169 = 9*h. What is the hundreds digit of h?
6
Let d(y) = -y**2 - 2. Let u be d(-3). Let l = u - -23. Suppose -l = -4*i + 2*s, 5*i - 5*s = -2 + 27. What is the units digit of i?
1
Let u(y) = -4*y**3 - 5*y**2 - 17*y - 5. What is the thousands digit of u(-7)?
1
Let z = 107 - 95. Suppose -z*i + 1287 = -i. What is the hundreds digit of i?
1
Suppose -g - 2*g = -54. Let n = -10 + g. Let z(h) = 2*h - 1. What is the tens digit of z(n)?
1
Suppose 43*p - 47*p = -612. What is the hundreds digit of p?
1
Let k = 6 - 4. Suppose 2*v + 112 = 3*m, 5*m - v - 7 = 168. Suppose -m = -5*z - d, z + 4*d - 34 = -k*z. What is the units digit of z?
6
Let u(a) = 32*a**2 + a - 6. Let x be u(-3). Suppose -5*d + 86 = -x. What is the units digit of d?
3
Let b(l) = -l**2 - 28*l + 20. What is the units digit of b(-12)?
2
Let d(z) = -z**3 + 15*z**2 + 21*z + 22. What is the tens digit of d(10)?
3
Suppose 24 = -5*s + 1029. Let g = s + -118. What is the tens digit of g?
8
Let u be 15*3*6/(-27). Let q(n) = n**3 + 9*n**2 - 15*n - 9. What is the tens digit of q(u)?
4
Suppose 260 = 3*n - 112. Let r = n + -13. What is the tens digit of r?
1
Let o be 924/20 - 2/10. What is the tens digit of 2*o - (2 + -2)?
9
Suppose -2*c = 4*c. Suppose c = -h - 4*h. Suppose -x + 5*x - 3*o - 153 = h, -5*x - 2*o = -174. What is the units digit of x?
6
Let f(b) = -b**2 + 5. Let j be 1/(-2)*1*0. Let o be f(j). Suppose 0 = -o*a - 8 + 108. What is the tens digit of a?
2
Let g be 1/4 + 21/(-4). Let d = -2852 - -2856. What is the units digit of -1 + -18*(g + d)?
7
Suppose 37*f - 34138 = 11*f. What is the thousands digit of f?
1
Suppose 5*l + 70 = a - 0*a, -4*l + 2*a - 62 = 0. Let h(q) = q + 24. Let f be h(l). Suppose 0 = 10*o - f*o + 44. What is the tens digit of o?
4
Suppose 3*b - 72 = 5*j, -j = -4*b + 3*b + 24. What is the tens digit of b?
2
Let q = 32 + 10. What is the tens digit of (-14)/q - 85/(-3)?
2
Suppose -b + 4 = 4. Suppose -41*z + 43*z - 28 = b. What is the tens digit of z?
1
What is the units digit of 1/(-2) - (-266537)/106?
4
Let h(v) = -v**3 - 2*v**2 + 2*v + 1. Let t = -12 + 17. Suppose d - n + 6 = 0, -5*d + d + t*n = 26. What is the units digit of h(d)?
5
Suppose -34461 = -28*d + 23583. What is the tens digit of d?
7
Let q(j) = j**3 + 13*j**2 - 6*j - 6. What is the units digit of q(-10)?
4
Let p(m) be the third derivative of m**6/120 + m**5/5 + m**4/2 + m**3/6 - 6*m**2. What is the tens digit of p(-10)?
8
Let v(o) = -13*o**3 - o**2 + 1. Let c be v(-1). Suppose -14*z = -c*z - 19. What is the units digit of z?
9
Suppose 4*u + 11 - 855 = 2*p, 0 = 2*u + 5*p - 446. What is the tens digit of u?
1
Suppose -9*w - 16*w + 41750 = 0. What is the thousands digit of w?
1
Let h = 479 - 211. What is the hundreds digit of h?
2
Let y = -79 - -163. What is the tens digit of (0 + y/(-3))*-5?
4
Let x = 7 + -9. Let w be (-6 - x)/(-2) - -1. Let y(c) = c**3 - 3*c**2 + 3*c + 4. What is the units digit of y(w)?
3
Suppose -10*f = -13 - 7. Suppose 0 = -3*a - 4*s + 61, f*s = 13 - 5. What is the units digit of a?
5
What is the units digit of 0 - 6/(-16) - 8372/(-32)?
2
Let y(d) = 10*d + 2. Let r(m) = 2*m - 1. Let j be r(3). Let g be y(j). Suppose 5*s - 146 = a - g, 